be c(f). Suppose -i*m = -30 - 0. What is the units digit of m?
6
Suppose 0 = 2*z + 5*r - 2*r - 70, 2*r = 4*z - 172. What is the tens digit of z?
4
Let h = -42 + 59. Suppose d + 3*d = 4*c + 4, c = 5*d - h. What is the units digit of d?
4
Let s(x) = -x**2 + 5*x + 8. What is the units digit of s(6)?
2
Let h = -8 + 11. Let c = 21 - h. What is the tens digit of c?
1
Let n be (-1)/((-2)/(-3) + -1). Suppose 0 = 5*v - n*v - 34. What is the tens digit of v?
1
Let y = 1 - -3. Suppose 0*a = y*a - 36. What is the units digit of a?
9
Suppose 4*y - 3*x = -5 + 2, -1 = 2*y - x. Suppose -h = -5*v - 18, -5*h + 2*v + y*v + 21 = 0. Suppose -h - 1 = -w. What is the units digit of w?
4
Let f = 98 - 38. Suppose -f = -5*h + h. What is the tens digit of h?
1
Let f(k) = 13*k - 4. What is the units digit of f(4)?
8
Suppose 0*g = 3*g + 2*f - 89, -2*f = g - 35. What is the units digit of g?
7
Let a(k) = -k + 4. Let q be a(-6). Suppose 0 = 4*f - 3*f - 2. Suppose -3*x - 4*i - f + q = 0, -i = -5*x + 21. What is the units digit of x?
4
What is the units digit of 2 + (2 - 4) + 43?
3
Let d(z) = -z**2 - 5*z - 9. Let r be d(-6). What is the tens digit of ((-36)/(-5))/(r/(-100))?
4
Let s(t) = -3*t**3 + 1. Let c be s(1). Let o be (-2)/c*-11 - 1. What is the units digit of 3/o - 13/(-4)?
3
Let n(i) = 26*i**2 + 4*i + 13. What is the units digit of n(-2)?
9
Suppose v = 4*p + 1849, -4*p - 2*v - 2083 + 237 = 0. What is the units digit of (-1)/4 - p/24?
9
Let q = -41 - -137. What is the units digit of q?
6
Let l(g) = 3*g - 11. What is the tens digit of l(9)?
1
Suppose 0*l = -4*l - 2*g + 88, -100 = -5*l - 5*g. What is the tens digit of l?
2
Let v = 6 + -2. Suppose -v*c + 36 = -2*c - 4*g, 0 = -4*c - 2*g + 62. What is the tens digit of c?
1
Suppose -5*d - 116 = -9*d. What is the tens digit of d?
2
Suppose 0*a = a - 2. Suppose a*j = 4*u - 10, 2*j - u + 7 = 2*u. What is the units digit of j?
1
Let o be 2/(-4) - 21/6. Let g(c) = 2*c**2 + c - 5. What is the units digit of g(o)?
3
Let l = -33 + 21. What is the units digit of (1 - (-8)/l)*42?
4
Suppose -6*l + l + 15 = -2*p, -5*p = -5*l + 15. Suppose 4*t = -a - p*t - 11, -t + 2 = 5*a. What is the units digit of a?
1
Suppose 8 = -2*j - 26. Let v = j + 29. What is the units digit of v?
2
Suppose c = 3 + 9. Suppose -4*v + v + c = 0. What is the units digit of (4 + -2)*v/1?
8
Let m(k) = k**2 - 12*k + 13. Let y = 13 + -1. What is the units digit of m(y)?
3
Let h be ((-798)/(-12))/((-2)/(-4)). Let g = h + -90. What is the tens digit of g?
4
Suppose -4*i + 2*j = -0*j - 20, 25 = 5*i + 3*j. What is the units digit of i?
5
Let v be ((-56)/(-6))/(2/(-6)). Let d = v + 63. What is the tens digit of d?
3
Let b be 0 + 3 + -1 - 0. Suppose -2*a + 2 = -b. Suppose 3*l + a*l = 45. What is the units digit of l?
9
Let o(k) = k**3 - 6*k**2 - 2*k + 1. Let w be o(6). Suppose 7*x - 84 = -0*x. Let v = x + w. What is the units digit of v?
1
Let o = 3 + 0. Suppose -5*b - o*j = -61, 0 = -2*b + 3*b + 2*j - 8. What is the tens digit of b?
1
Let b = 1 + 0. Suppose w - 8 = -b. What is the units digit of w?
7
Suppose -5 = -2*n + 3. What is the units digit of 18/15*30/n?
9
Let q = -31 + 53. Suppose 0*p + p = q. What is the tens digit of p?
2
Suppose r + 4*r - 5*z = -80, -r = 2*z + 13. What is the tens digit of -34*(2 + r/6)?
1
Let z(s) = -s**3 + 3*s + 4. Let c(u) = 1. Let h(k) = 6*c(k) - z(k). Let l be h(2). Suppose -t + 1 = 0, 0*i + 2*t + 50 = l*i. What is the units digit of i?
3
Suppose 25 = 2*x + 9. Suppose 0 = -2*j + 4*f + 42, -2*j - 5*f + 11 = 5. Let u = j - x. What is the units digit of u?
5
Suppose -2*g = -23 - 9. What is the tens digit of g?
1
Let i be (-2 - 2*-4) + -2. Let q = 11 - i. What is the units digit of q?
7
Suppose -3*q = -3*y - 57, 0*q = 4*q + y - 56. What is the tens digit of (5/q)/((-3)/(-153))?
1
Let v(w) = -w**2 - 8*w - 2. Let a be v(-6). Suppose -2*y - u = 1, u = -y + 4*u + a. Let o = 4 + y. What is the units digit of o?
5
Let n(h) = h**2 + h + 10. Suppose -20 = -5*t + 5*g - 4*g, -4*g = 0. Suppose 0 = 3*w - t*v - 12, -5*w + v = -4*w - 3. What is the tens digit of n(w)?
1
Let m(t) = t. Let d(n) = 11*n - 6. Let p(s) = d(s) - 6*m(s). Let a be p(7). Suppose 10 = -2*u, -3*h + 3*u + a = -u. What is the units digit of h?
3
Let g(b) = b**3 + 8*b**2 + 4*b - 3. What is the units digit of g(-6)?
5
Let s(t) = -t**3 + 12*t**2 + t - 6. Let g be s(12). Let d(x) = 4*x + 7. What is the units digit of d(g)?
1
Let t = 22 - -24. What is the tens digit of t?
4
Let s be (-41)/((-9)/6 - -2). What is the units digit of s/(-6) - (-2)/(-3)?
3
Let u(x) = -2*x**2 + 26*x + 14. What is the units digit of u(13)?
4
Let f(a) = a**2 - 2*a. What is the tens digit of f(-6)?
4
Let y(a) = a**2 + 3*a + 2. Let v be y(-4). Let r = 46 - v. What is the tens digit of r?
4
Let m = -12 - -14. Suppose 2*q = 3*p + m*p + 39, 0 = -4*q - p + 23. What is the units digit of q?
7
What is the units digit of -1 + 1 - (-10 + -4)?
4
Let d be 3/3 + 14 - 0. Suppose -2*x - 3*x + d = 0. Suppose -x*v = h + 2*h - 18, 5*v - 16 = 2*h. What is the units digit of v?
4
Suppose -74 = 2*b - 4*b. What is the units digit of b?
7
Let l be (2/2 - 0) + -3. Let p(j) = -j**3 + 7*j**2 - 10*j + 3. Let h be p(5). Let o = l + h. What is the units digit of o?
1
Suppose 0 = -2*s + 3*s, -2*o + 8 = 2*s. Let d = 3 - o. What is the tens digit of d/3 + 136/12?
1
Suppose 434 = 4*u + 3*u. What is the tens digit of u?
6
Suppose 6*o - 124 = 2*o - u, -2*o + 5*u = -84. What is the tens digit of o?
3
Let z = 5 - 1. Suppose -z*y = 3 - 71. What is the tens digit of y?
1
What is the tens digit of 6/(-4) - (-555)/10?
5
Suppose 0 = j + 3. Let c(p) = p - 2 - 2*p - 4*p. What is the units digit of c(j)?
3
What is the units digit of ((-2)/11)/(-1) + 11074/77?
4
Suppose -4*p + 0 = -5*z + 2, -4*p + 4*z = 0. Suppose 0 - 10 = p*n. Let l(m) = -2*m + 3. What is the tens digit of l(n)?
1
Let s = -7 + 11. Suppose -5 = s*l - 77. What is the units digit of l?
8
Let v(a) = a**2 + 11*a - 7. What is the tens digit of v(-17)?
9
What is the tens digit of 6 + -2 - (-72 - -3)?
7
Let k = -190 - -293. What is the hundreds digit of k?
1
Suppose 2*q - q = 2. Let z(g) = -1 - 4 - 2*g - q. What is the units digit of z(-5)?
3
Let p = 113 - 74. What is the tens digit of p?
3
Let c be -1 + 2 + (-4 - -7). Let m = -3 + c. What is the units digit of m?
1
Let s be (-1)/4 + (-242)/(-8). Let w be 88/(-3)*3/(-2). Let l = w - s. What is the units digit of l?
4
Suppose -3*o = -5*m - 115, -41 = 3*o - 4*o - m. What is the tens digit of o?
4
Let c(k) = -k**3 - 6*k**2 + 5*k - 10. Let b be c(-7). Suppose -b*m + 48 = 16. What is the units digit of m?
8
Let x(i) = i + 9. Let p be x(-7). Suppose n - p = 0, -2*o + 0*n + 34 = 4*n. What is the units digit of o?
3
Let t(o) = -o. Let k be t(-4). Suppose k*y = -y + 10. Suppose -y*j + 36 = 2*j. What is the units digit of j?
9
Let u be 3*(-2)/(-6)*1. Let x be -13 + 1 + (-1 - u). What is the units digit of (-4)/x + 19/7?
3
Suppose -2*c + 62 = 7*r - 4*r, -5*r + 97 = -3*c. What is the units digit of r?
0
Suppose 17*a = 16*a + 77. What is the units digit of a?
7
Suppose -5*q + 3*s - 16 = -s, 20 = 2*q + 5*s. Suppose -4*b + u + 3 = b, q = -3*b + 2*u - 1. What is the units digit of b?
1
Suppose -7*t - 44 = -11*t. What is the units digit of t?
1
Let j = -1 + 3. Suppose 2*i + j*i = -16. Let m = 9 + i. What is the units digit of m?
5
Suppose -h - 3*r + 77 = -6*r, 2*r - 252 = -4*h. What is the units digit of h?
5
Let v = 30 + -18. What is the units digit of v?
2
Let w(v) = -v**3 - 4*v**2 - v + 3. Let c be w(-4). Let u(a) = -a**3 + 6*a**2 + 8*a - 6. What is the units digit of u(c)?
1
Suppose -14*d - 2420 = -36*d. What is the units digit of d?
0
Let d(i) = i**2 + i - 3. Let z be d(0). Let g(y) = -y - 14. Let p be g(-12). What is the units digit of p/z + (-64)/(-12)?
6
Let x(o) = o + 12. Let v be x(-11). Suppose 3*m = -2*b + v, 3*b - 4*b = 2*m. Let f(s) = 3*s**3 - 2*s**2 - s + 1. What is the units digit of f(b)?
5
Let x be 1/1*(-7 + 7). Suppose x = -4*h - 12, -2*z + z - 4*h = -5. What is the tens digit of z?
1
Let v(x) be the third derivative of x**4/24 + 5*x**3/6 + 2*x**2. Let b be v(-7). What is the units digit of b*(-2)/4*8?
8
Let m = 65 + -37. Let t = m - 16. What is the tens digit of t?
1
Suppose 4*a - 207 = 209. What is the tens digit of a?
0
Suppose -2*a - 13 = -5*